
Evaluate (14 - (-11 + 15)) + (0 - 7).
3
(0 - 1) + (4 - -1)
4
What is the value of -1 + -3 + (7 - 0) + -8?
-5
(-55 - -51) + 8 + -1
3
Calculate -4 - (-5 + 1) - 1.
-1
0 - -2 - (-9 + 4 - -5)
2
(1 - 0) + (68 - 65)
4
-2 + -5 + (15 - 5) - 2
1
What is the value of (1 - (-1 + 2)) + -13 + 16?
3
Evaluate (2 - -1) + -10 - -6.
-1
What is (1 - 1) + 34 + -33?
1
What is -54 - -67 - (-2 + 9)?
6
Calculate (6 - 6) + -9 + 3 + 5.
-1
Calculate -1 - 0 - (-36 - -39).
-4
What is -3 + (-5 - (-5 - (-1 - -6)))?
2
Evaluate 5 + (0 + 10 - 4 - 7).
4
What is the value of 1 + -1 + (-6 - (-3 + -1))?
-2
7 + (-7 + 0 - 1)
-1
What is (7 + -6 - -1 - 6) + -4?
-8
Evaluate (-3 - -1) + 7 - (1 - -6).
-2
Evaluate -17 + 16 + 1 + 1.
1
12 - (-3 + 22) - (2 - 2)
-7
Calculate (4 - -1) + -27 + 27 + -3.
2
Calculate -9 - (3 + 3 + -12).
-3
0 - (-8 - 0 - -2)
6
-2 - -8 - (5 + (1 - 1))
1
What is the value of (52 - 54) + -1 + 2 + 1?
0
Calculate 2 + (-2 - 6) - (-14 + 3).
5
(-17 - -23) + -2 + 1
5
(3 - 4) + (0 - 5)
-6
Evaluate -5 + -3 + 1 - (-13 - -5).
1
What is 1 - (-1 + 2 - -1 - 3)?
2
(-7 + 3 - -6) + -1
1
Calculate -4 - (-2 + -1 - (-5 - -10)).
4
What is -4 - (-2 - 1 - 10) - 4?
5
Evaluate 10 + -8 - (9 - (-6 + 4)).
-9
What is -3 + -2 + 5 + 4?
4
8 - (-1 + (5 - 1))
5
Calculate 3 + (4 - (3 + 3 + 4)).
-3
What is 7 - (-5 - 1 - -16)?
-3
1 - (2 - 6) - (-11 + 12)
4
What is the value of 11 - 0 - (-96 - -106)?
1
2 + 2 + -6 + 5 + 1
4
What is the value of 0 + 7 - (-23 - -41)?
-11
What is -3 - ((8 - 4) + -6)?
-1
(-4 - (-4 - 5)) + -4 + -1
0
What is the value of -4 - (-6 - (-6 + 1 - -2))?
-1
Evaluate (5 - 3) + -1 + 0 + -3.
-2
Calculate 5 - 1 - (2 + 6).
-4
6 + (-12 - 0) + -2
-8
0 + (-15 - (-3 - 4))
-8
Calculate -2 + (5 - 2) + 1.
2
Evaluate -3 - 3 - ((1 - 12) + 4).
1
Evaluate (1 - 4) + (-5 - (1 - 14)).
5
What is 3 + (4 - (-1 + 0)) + -3?
5
-1 + (0 - (-5 - -12) - -4)
-4
Calculate -29 + 25 - (1 - (7 - 2)).
0
-9 + 10 + -6 + 0
-5
0 - -1 - -3 - (-395 + 392)
7
What is the value of (16 - 3) + -12 + -12?
-11
What is the value of 1 + 7 + 3 + -7?
4
Evaluate 7 - (4 - (3 + -8)).
-2
Evaluate 5 + 1 - (-2 + 5 - 5).
8
Evaluate 12 - (-8 + 5 + 19).
-4
Evaluate -8 + (8 - (4 + 1 + -2)).
-3
Calculate 4 - (0 + -2 - -1).
5
What is -4 + 2 + 1 + 2 + 5?
6
Evaluate 16 - 19 - (0 - 5) - 6.
-4
Evaluate 9 - 7 - (5 - -4).
-7
0 - 2 - 2 - (1 + 0)
-5
Evaluate 5 + (2 + -3 - 1).
3
Evaluate -2 - (-22 - -22 - (-1 + 1)).
-2
0 + 13 - (8 + 5 - 9)
9
Calculate -4 + 4 + 2 + 2 + -4.
0
What is the value of -10 - 2 - -7 - (2 + -4)?
-3
What is the value of -2 + (-6 + 8 - (-2 + -1))?
3
What is the value of -3 + (12 + 1 - 9)?
1
What is the value of 5 + -2 + -3 + 0?
0
What is the value of 35 + -23 + -20 - (-9 + -1)?
2
Evaluate -3 - (-7 - (1 + 1) - -4).
2
Evaluate (-3 - 3) + (5 - 1).
-2
-37 - -30 - (2 - 5)
-4
Calculate -12 - ((-2 - 3) + -6).
-1
What is the value of (-1 - (1 + 1)) + -1 - 0?
-4
(3 - 1) + 4 - 8
-2
2 - 3 - (2 + -2 + 0)
-1
Calculate -5 + (2 + 5 - 1) - 8.
-7
Evaluate 5 - (1 + 13 + (5 - 11)).
-3
Calculate -15 + 12 - (-1 - 1 - 1).
0
8 + -12 + -3 + 6
-1
What is 11 + -4 + -11 - 4?
-8
(-7 + 3 - 1) + 37 + -26
6
-28 + 25 + 7 + -1
3
Evaluate 4 + (3 + 5 - 10).
2
What is -2 + (-11 - -18 - (-1 - -4))?
2
What is the value of 4 + (1 - -1) + (10 - 11)?
5
(1 + 2 + 0 - 5) + 2
0
What is 17 + -3 - (1 + 10)?
3
What is the value of -9 + 1 + (8 - 4)?
-4
-34 + 34 - (0 + 0)
0
2 - (0 + 2 + -3 + -1)
4
(1 - 0) + -12 + 15
4
Calculate -5 - (0 - (-5 + 3 + 3)).
-4
What is 0 - (2 - (1 + -4) - 4)?
-1
What is the value of -1 + 4 + 4 + (-4 - -1)?
4
What is the value of -10 + 14 - (4 + 1)?
-1
4 + -2 - 11 - (-54 - -49)
-4
What is the value of (-1 - -1) + 1 - (-7 - -3)?
5
What is 3 + (-2 - 4) + 5 - -2?
4
Evaluate (8 - 5) + -2 + 2 + -1.
2
Calculate -2 + -1 + 8 + 0 + -4.
1
What is the value of 1 + (2 + (3 - -1) - 10)?
-3
What is the value of (1 - -4) + -18 + 9?
-4
What is the value of 6 - ((-6 - -6) + 8 + 4)?
-6
What is (3 + -2 - 0) + -2 - 3?
-4
What is the value of 44 + -45 - (1 - -4)?
-6
What is 2 + -5 + -2 + 2 + -5?
-8
(-15 - -13) + (-2 - 0)
-4
Evaluate -5 + -1 - (-67 - -71).
-10
What is (112 - 111) + (1 + -2 - -5)?
5
-1 - (2 + 2) - -9
4
Calculate (0 - 1) + -5 + 8.
2
What is the value of -4 + -1 + (-4 + 8 - -3)?
2
What is the value of (-8 - 2) + 5 - (-7 - 1)?
3
Evaluate 5 - (9 - (-3 - -8)).
1
What is (25 - 33) + (-5 - -2)?
-11
Calculate (-3 + 4 - 2) + (1 - -5).
5
What is (-1 - 0) + 7 - (-87 + 94)?
-1
-4 + 4 - (-5 + -4 + 12)
-3
Calculate -3 + -1 - (1 - 4) - 1.
-2
What is the value of (0 + 4 + -7 - 4) + 0?
-7
What is 2 - (-3 - -14 - 1 - 5)?
-3
-2 - (-3 - (1 + -8))
-6
Calculate 48 - 50 - (3 - 1 - 7).
3
3 - 2 - ((-3 - 7) + 9)
2
1 + (-5 + 2 - -8) - 11
-5
1 - -3 - (9 + -16 + 6)
5
Evaluate -9 + (4 - 0 - (-7 - -7)).
-5
What is 0 + 1 + -3 + 5 + 0?
3
What is 2 + (8 - (13 + -6))?
3
Evaluate (-9 - -13) + (2 - 2) - -1.
5
(-1 - 0) + (0 - (6 - 2))
-5
(11 + 0 - 4) + -4
3
Calculate -3 + 4 - (-8 - -2) - 3.
4
4 - (-4 - (-9 - -3)) - 6
-4
-11 - -3 - (-18 - -5)
5
What is the value of -2 - (7 + -11 - (-5 - -1))?
-2
What is 1 + (-4 + 4 - -3)?
4
-14 + 9 + 4 + -3
-4
What is the value of (3 - 4) + 0 - 0 - 2?
-3
What is -8 + -12 - -14 - (1 + -7)?
0
Evaluate 1 + -1 + (5 - (-4 + 4)).
5
What is the value of -2 + -2 - (-6 - 4)?
6
What is the value of (1 - 3) + 9 + 1 + -4?
4
What is the value of -3 + 3 + 4 - (1 + 4)?
-1
Calculate 1 + (2 + -7 - -5).
1
Calculate -2 + (-5 - (1 - 5)).
-3
Calculate 6 - -1 - (5 + -4).
6
What is the value of (14 - 7) + (2 - 5)?
4
What is the value of -1 - (-1 + -2) - (4 + 2)?
-4
1 + 6 - (-67 - -76)
-2
Calculate 9 - 6 - (-2 + 2).
3
18 - 12 - -2 - 1
7
Evaluate -15 + 9 + (4 - 0).
-2
Calculate -7 + -2 + -3 + 9.
-3
What is the value of (6 + -4 - 11) + (2 - -2)?
-5
Calculate -122 + 108 + (10 - 0).
-4
What is 4 + (2 - 1 - 5)?
0
Calculate -9 - (4 - 1) - -8.
-4
Calculate 6 + -8 - (1 - 6).
3
8 - (8 + -6) - (1 + 0)
5
What is the value of 4 + 1 + -5 + -4?
-4
Calculate -1 + -7 + 14 - 5.
1
What is -5 + (7 - (-13 + 23))?
-8
8 + -2 + 4 + -7
3
(32 - 32) + (-2 - -3) + 6
7
4 - (-1 + 3 + -3)
5
2 - (-4 + (7 - 1))
0
Evaluate -61 + 63 + (7 - 1).
8
What is the value of 0 + 4 + -6 + 3 + 0?
1
What is -1 + 1 + -1 + (260 - 262)?
-3
What is the value of 7 - (-30 + 23 - (-2 + -10))?
2
(6 - 3 - 2) + 8 + -10
-1
What is -3 + (3 - (-3 - (5 - -2)))?
10
Calculate 1 + 4 + 4 + -5.
4
Calculate -84 + 79 + (-1 - -1 - -7).
2
2 - (5 + (2 - 2 - 2))
-1
Evaluate (2 - 1) + 2 - 4 - -2.
1
What is -1 + -4 + (-13 - -23) + -7?
-2
What is 2 + -5 - (7 - (5 - -10))?
5
What is the value of 2 - (-4 - (1 + -2))?
5
What is -2 - (-4 - -5 - (-1 - -4))?
0
Calculate 1 + -8 - -12 - 10.
-5
What is the value of 9 - ((-1 + -3 - -4) + 4)?
5
What is the value of -2 + 1 - -1 - (32 - 33)?
1
Calculate 6 + -15 + -2 + 9 + 9.
7
What is 7 + -12 - (-1 - 1)?
-3
Calculate (5 + -1 - (64 - 64)) + -7.
-3
What is the value of (-4 - -5) + 0 - -2?
3
What is (1 - -2) + 4 + -2 + -3?
2
What is the value of -1 + (9 - -4) - 5?
7
Evaluate 75 + -67 - (12 + 1) - -8.
3
4 + -2 + -7 + 3
-2
-189 - -189 - (1 + -3 + 0)
2
What is -1 - (-1 + 1 + -2) - -4?
5
Calculate 2 + -5 + 3 + -4.
-4
Evaluate (-1 - (-13 + 10)) + -9.
-7
Calculate -3 + (-3 - -5) - (9 - 11).
1
What is -1 + -6 - (58 - 63)?
-2
Evaluate 18 + -11 + -4 + 4 + -1.
6
What is -8 - -11 - (2 + 1 + -4)?
4
Evaluate (2 - (3 - 2)) + 2.
3
What is -1 + 4 + 1 + (1 - 2)?
3
What is -20 + 16 - (-2 + 0)?
-2
-7 - -6 - (0 - 4) - 0
3
What is -11 + 13 + (1 - -1)?
4
Evaluate -4 + 13 + 0 + -4.
5
Calculate 1 + -6 + 1 + -14 + 14.
-4
-4 + 2 - (6 - 3 - 0)
-5
Calculate 0 + (-12 - -6) + 5.
-1
Calculate 2 - 4 - 3 - (7 + -9).
-3
What is the value of 7 + -4 + (-5 + 2 - -1)?
1
Evaluate -9 + -3 + -3 + 6 - -7.
-2
Calculate -4 + -2 + 6 - (0 + -5).
5
What is (5 - 2) + -1 + (-7 - 0)?
-5
Calculate -4 - (-9 + -1 - -6).
0
Evaluate 3 - ((0 - (0 + -8)) + 0).
-5
What is -80 + 82 - (-4 + 0)?
6
Evaluate 35 + -42 + 5 + -2.
-4
What is -1 + (-3 + 1 - -6)?
3
Calculate -2 + -6 + (-1 + -4 - -5).
-8
What is 2 + -1 - (-4 - (2 + -5))?
2
What is the value of 8 + (1 - 1) - 1 - 2?
5
What is 2 + (-19 - -11) + 3?
-3
Evaluate 3 + 3 + -12 + 1.
-5
What is the value of (6 - 4) + 0 + -7 + -2?
-7
What is -2 - (0 - (4 + (0 - 5)))?
-3
Calculate -68 + 58 + (-3 - -7).
-6
Calculate -2 - (-6 + (2 - 1)).
3
Evaluate (1 + -8 - -4) + 13.
10
What is the value of 3 + (2 - (-2 + 2 + 0))?
5
What is 1 + (-1 - 6) + 1